Let k = 253 - 250. Calculate the greatest common divisor of 21 and k.
3
Suppose -16*x + 340 = 1156. Let b = -33 - x. Calculate the greatest common divisor of b and 18.
18
Let v = 44 - 1. Let r = v + 147. Calculate the highest common divisor of 38 and r.
38
Suppose -7*v = 8*v - 450. Let l = -16 + 22. Let h be -3*1 - (-378)/l. Calculate the greatest common divisor of h and v.
30
Let t(p) = -p + 13. Let d be t(-6). Let a(b) = b**2 - 5*b - 6. Let g be a(6). Suppose -209 = -j - g*j. Calculate the greatest common factor of d and j.
19
Suppose 2295 = -71*r + 76*r. Calculate the greatest common divisor of 17 and r.
17
Suppose -10*o = -11*o + 125. Let b = -98 - -148. What is the greatest common divisor of o and b?
25
Suppose 8*b - 557 = 555. Let t = -58 + b. What is the highest common divisor of 9 and t?
9
Suppose 36 + 264 = 3*q. What is the highest common divisor of 280 and q?
20
Suppose 194*l - 896 = 190*l. Let b = 36 + -8. What is the highest common factor of b and l?
28
Let f(d) = 5*d**2 - 2*d. Let y be f(-3). Calculate the highest common factor of 85 and y.
17
Let w(y) = -15*y**3 - 2*y**2 + y + 2. Let a be w(-1). Suppose a*s - 100 = 10*s. What is the greatest common factor of 5 and s?
5
Let w = 229 + -222. Calculate the greatest common factor of 77 and w.
7
Suppose -3*t - 325 = -2*n, 4*n + 5*t = -163 + 758. Suppose -3*j - 51 = -237. What is the greatest common divisor of j and n?
31
Let r = -39 + 147. Let h = 31 + -7. Suppose g + g - h = 0. What is the highest common divisor of g and r?
12
Let f(o) = 7*o - 56. Let u be f(10). Suppose 3*z - 9 = -0*z. Suppose z*g + 0*a - 236 = -4*a, 0 = -5*g + a + 424. Calculate the highest common factor of u and g.
14
Suppose 3*t + 42 = 273. Suppose 5*v - 3 = t. Let a = -2 + 4. What is the highest common divisor of a and v?
2
Let f(l) = -l**3 + 221. Let k be f(0). Let y(h) = 41*h - 229. Let z be y(6). What is the highest common factor of k and z?
17
Let u be 0 - -1 - (6 - 9). Suppose -2*h - 12 = -0*h - 4*n, 5*n - 20 = 0. Let o be 16 + (h + 0 - 2). Calculate the highest common factor of u and o.
4
Let p be 1/((3 - 4)/1). Let b(m) = 2*m**3 - m**2 - m - 1. Let x be b(p). Let f = x - -4. What is the highest common divisor of f and 8?
1
Suppose 4*f + 17*f = 2541. Suppose -5*m + 3 = -2. Suppose 6 = 5*u - 3*g - 52, -m = g. Calculate the greatest common divisor of f and u.
11
Let h be ((-3)/6 - 0)*-100. Let n(j) = h*j**2 + 0*j + 11*j**2 + 1 + 3*j - 5*j. Let g be n(1). What is the highest common factor of g and 15?
15
Let k = 14 + -10. Suppose k*p - 3*t - 53 - 94 = 0, 5*t + 157 = 4*p. Calculate the highest common divisor of p and 11.
11
Suppose -5*x + 1848 = -3*c, -6*c + 5*c - 1 = 0. Calculate the highest common factor of 18 and x.
9
Let q(h) = 2*h**3 - 2*h**2 + 3*h - 2. Let g be q(-3). Let p = 160 + g. Calculate the greatest common divisor of 7 and p.
7
Suppose 4*l - 48 = 60. Let g = -6 - 2. Let q(j) = -j**3 - 3*j**2 + 10*j + 3. Let h be q(g). What is the highest common factor of h and l?
27
Let y = -65 - -72. Suppose 6*a = y*a - 15. Let l be (0 - 5)*(-2 - 31). Calculate the greatest common factor of l and a.
15
Let x(c) = -10*c + 10*c - 45 - 9*c + 11. Let b be x(-6). Calculate the highest common factor of 80 and b.
20
Let a be 0/(4*-1 - -2). Let o be 22 - a - (0 + 1). Let s(l) = -l + 59. Let j be s(17). What is the highest common divisor of j and o?
21
Suppose 0 + 6 = 2*o. Suppose 3*l - 2*l - 2 = m, l + 4*m = 12. Let s be (25/2 + l)*2. Calculate the greatest common divisor of o and s.
3
Let u(t) = 171*t + 550. Let w be u(6). What is the greatest common factor of w and 8?
8
Suppose -1 = -j - 9. Let v(m) = -m - 9. Let b be v(-32). Let n be b/4 - 2/j. Calculate the highest common factor of 30 and n.
6
Suppose -15*a + 990 = -330. What is the greatest common factor of 66 and a?
22
Let n be ((-21)/5)/(537/(-281030)). Calculate the greatest common factor of 42 and n.
14
Suppose 4*u + 3*n = 0, 5*n + 5 = -4*u - 3. Suppose 101 = u*f - f - w, -2*f + 95 = w. What is the highest common factor of 7 and f?
7
Let w(x) = x + 21. Let t be w(-11). Suppose z + z = t. Suppose z*h + 250 + 45 = 5*f, -2*f - 3*h = -138. What is the highest common factor of f and 7?
7
Let h(r) = 12*r + 120. Let f be h(0). Calculate the highest common divisor of 150 and f.
30
Let v be (4/(-10))/(9/(-270)). Calculate the highest common factor of 282 and v.
6
Suppose -h - 1 - 1 = 0, -z = -2*h. Let l be (z + 3)/((-2)/24). Let b(q) = -14*q + 12. Let m be b(-6). Calculate the greatest common divisor of m and l.
12
Suppose 2*r = -2*f - 2, 7*f - 7 = -3*r + 9*f. Suppose -3*y + 5 + 1 = 0. What is the highest common divisor of r and y?
1
Let x(c) = 8*c + 372. Let s be x(-38). What is the highest common divisor of 28 and s?
4
Let x be 550 - ((-12)/(-36))/(1/(-3)). What is the greatest common divisor of 19 and x?
19
Suppose 168 = -0*d + 7*d. Let o be ((-6)/(-8))/(6/d). What is the greatest common divisor of 15 and o?
3
Suppose 5*g - 8 = 2*g + 5*z, 3*z + 7 = 4*g. Let y = 819 - 810. What is the highest common divisor of y and g?
1
Suppose 0 = 3*j, 3*h - 4*j - 7 - 2 = 0. Suppose h*a - 140 = -2*a + 5*s, a - 4*s = 25. Calculate the greatest common factor of 29 and a.
29
Suppose 3*c - 20 - 31 = 0. Let k = 32 - c. Calculate the highest common factor of k and 75.
15
Let w = -44 - -51. Calculate the greatest common divisor of 1148 and w.
7
Suppose 2*t + 0*t = 180. Suppose 0*m - 4*m + 603 = -3*c, 0 = 3*m - c - 456. Let x = m - t. Calculate the greatest common factor of 7 and x.
7
Suppose 21*t = -593 + 25373. What is the greatest common factor of 20 and t?
20
Let q = -60 - -53. Let u(v) = -v**3 - 4*v**2 - 2*v + 9. Let y be u(q). What is the highest common factor of y and 17?
17
Let s(k) = -6*k**3 + 9*k**2 + k + 2. Let t be s(-5). Calculate the greatest common factor of 12 and t.
12
Suppose 2*p - 4*z - 228 = 0, -5*p - 3*z = 68 - 703. Let x = p - 88. Calculate the highest common divisor of x and 4.
4
Let z(w) = -8*w - 4. Let x be z(-2). What is the highest common divisor of 1 and x?
1
Suppose -n = 3*n - 32. Let y(q) = 12*q - 10. Let p be y(n). Suppose 3*s = -12, 2*s + 3*s = 2*x - p. Calculate the highest common divisor of x and 3.
3
Let j(d) = d**2 + 11*d - 4. Let i be (-4)/24 - (-195)/(-18). Let w be j(i). Let x = 13 + w. Calculate the highest common divisor of 1 and x.
1
Suppose -o - 6*o + 1015 = 0. Calculate the highest common factor of 87 and o.
29
Suppose 389 + 241 = 5*v + 2*k, 0 = -3*k. What is the greatest common factor of 72 and v?
18
Let u(o) = 20*o + 332. Let p be u(-14). What is the highest common factor of 234 and p?
26
Suppose 3 = q, 4*q - 8*q + 9 = -z. Suppose z*s = 6*s - 36. Calculate the highest common factor of 108 and s.
12
Let l(w) = w**2 + 5*w - 4. Let t be l(4). Let x be (3/2)/(2/t). What is the highest common divisor of x and 216?
24
Let q be (-2*1/(-3))/((-15)/5220). Let a = 403 + q. Calculate the greatest common factor of 19 and a.
19
Suppose -4*d + 133 = 41. Calculate the highest common factor of 46 and d.
23
Let d(r) = -8*r - 2. Let y be 4/(-10) - (-16)/(-10). Let u be d(y). What is the greatest common divisor of 21 and u?
7
Let g = 1350 - 1188. Calculate the greatest common divisor of 12 and g.
6
Suppose 30*y + 9 = 27*y, 2*y - 203 = -m. What is the highest common factor of 133 and m?
19
Let l be -2*3/((-12)/8). Suppose -2*b = 3*u + 2*u - 23, l*u = 4*b - 4. Suppose -22 = -u*r + 29. What is the highest common divisor of r and 51?
17
Let n(z) = -z**3 - 9*z**2 + 6*z - 12. Let u = -29 + 19. Let d be n(u). Suppose 112 = 5*m - 238. Calculate the highest common factor of m and d.
14
Let p(m) = 3*m + 8. Let l be p(8). Suppose 2*h - 5*s = 231, 46*h + s + 635 = 51*h. What is the highest common divisor of h and l?
32
Let d = 141 - 136. What is the highest common factor of 10 and d?
5
Let t be (51/2)/(13/26). Suppose t = -0*s + 3*s. Suppose 2*y - s = -3*i, 4*y - 24 = -4*i - 0*i. Calculate the greatest common divisor of y and 3.
1
Let k(n) = -n - 2. Let u be k(-7). Calculate the greatest common divisor of u and 45.
5
Let g(w) = 28*w. Let q be g(1). Suppose 4*c + 6 = -2*b + q, -2*c - 5*b + 23 = 0. Suppose -c*d - 12 = -16. What is the highest common factor of 11 and d?
1
Let c = -48 + 96. Let a be (-2)/(54/28 + -2). Let w = 44 - a. What is the greatest common factor of w an